*s**2 + 0 - 26*s - 13/6*s**3. What is the hundreds digit of r(-6)?
1
Suppose 1832 + 31943 = 5*k. Suppose 5*l = -4*c + k, -5*l + 2521 = 5*c - 5924. What is the tens digit of c?
9
Let p = -20764 - -50553. What is the tens digit of p?
8
Let d be 0/1 + (-1047)/((-18)/6). Suppose d*x - 352*x = -2073. What is the units digit of x?
1
Suppose -2*r + 4*u + 336 = -u, -4*r + u = -636. Suppose -r = 219*b - 221*b. What is the tens digit of b?
7
What is the tens digit of ((-519)/(-9))/((-6)/(-22320)*10)?
5
Suppose 216*a = 3*q + 211*a - 17131, 17123 = 3*q - a. What is the hundreds digit of q?
7
Suppose 150 + 38 = -4*w. Let x be (-3 + w)*(3 + -5). Suppose 2*d = -5*h + 3*d + x, -5*d = -3*h + 60. What is the tens digit of h?
2
Suppose -4*b + 131 = -3*i, -20 = -b - 0*b + 5*i. Suppose -94 = -47*n - 94. What is the units digit of 30/(-21)*(n - b)?
0
Let d(l) = 2*l - 68. Let o be d(-24). Let h = o - -240. What is the tens digit of h?
2
Suppose -2*m + 5*m - 4*v = -3, 0 = -5*m + 3*v + 6. Let s(i) = 20*i**3 - 4*i**2 + 12*i - 6. What is the tens digit of s(m)?
3
Let u(o) = -35*o**3 - 3*o**2 - o + 59. Let f be u(7). What is the hundreds digit of 3/(-9) + f/(-30)?
4
Suppose -2*m = -q + 2, -4*q - 3*m = -3*q - 2. Let i = -4 + 7. Suppose 4*l + 2*f - 204 = 0, i*l - q*f - 114 = l. What is the tens digit of l?
5
Suppose -6*x = -5*m - 7*x + 26072, 0 = 3*m - 2*x - 15638. What is the units digit of m?
4
Let d = 40 - 112. Let q(p) = 3*p**3 - 9*p**2 - 12*p + 13. Let s be q(4). Let h = s - d. What is the tens digit of h?
8
Let q be (-28)/126 - (1732/(-18) + -2). Let a = -17 + q. What is the units digit of a?
1
Let k be (-24)/8*2/(-6). Let r be 1/(-2)*-116 + 3. What is the units digit of r*k/3*3?
1
Suppose -r = -r - 2*r. Suppose -2*h + 192 + 44 = r. What is the hundreds digit of h?
1
What is the thousands digit of -12 - 1 - (-3326 + 61)?
3
Suppose z - 3*z - 3*u + 12 = 0, -2*z - u = -4. What is the units digit of z + 0 - 6/(-1)?
6
Let y = 2707 + 733. What is the units digit of y?
0
Suppose -o - 1 = -4*u, 5*u = 4*o - 2*o - 1. Suppose 905 = o*z + 31*d - 30*d, -2*z - 5*d + 612 = 0. What is the tens digit of z?
0
Suppose 3*g - 4*x - 6705 = 0, -3*g + 2*x + 2235 = -2*g. Let j = -759 + g. What is the tens digit of j?
7
Suppose -127757 = -79*v + 178842. What is the tens digit of v?
8
Let f = 14980 + -9044. What is the hundreds digit of f?
9
Suppose -3*m + 57 = 3*l, 56 = 4*m - l - 0*l. Suppose m*d - 60 = 11*d. What is the tens digit of (-272)/(-5) + d/25?
5
Let z be 1 - 6 - (0 - -1). Suppose -2*m + 49 = -l, -11*m + 7*m + 200 = -4*l. What is the units digit of 6*4/z - l?
7
Let s(l) = -l + 6. Let d be s(3). Let k be 3/d + 3/3. Suppose k*a - 62 = -0*a. What is the units digit of a?
1
What is the units digit of (10626/110 + -20)/(2/(-4))*-245?
4
Suppose -22*w + 241308 - 61150 = 0. What is the hundreds digit of w?
1
What is the units digit of 3 + (-416088)/(-34) + 52/442?
1
Let a(z) = z**3 + 32*z**2 + 31*z + 20. Let t be a(-31). Suppose -t*w + 638 = -1782. What is the units digit of w?
1
Let h(v) = -35*v**2 - 14*v - 15. Let i be h(-4). Let y = i - -795. What is the hundreds digit of y?
2
Suppose a - 14*a = 16893 - 58363. What is the units digit of a?
0
Let v = -1501 + 2231. Suppose -29*z - v = -34*z. What is the tens digit of z?
4
Suppose 136*s + 40*s = -70*s + 220416. What is the hundreds digit of s?
8
Suppose -4*o + 1494 = -5*i, -5*i + 458 + 304 = 2*o. Let v = 1729 - o. What is the units digit of v?
3
Suppose 4*t = 5*p + 8*t - 22, 5*p - 5*t = -5. Let z(m) = 71*m**3 - 2*m**2 - 2*m + 9. What is the hundreds digit of z(p)?
5
Suppose -p = w - 161, -p + 480 = 5*w - 305. Suppose 99 + w = 3*i. What is the tens digit of i?
8
Let c be (-128909)/(-77) + 1/(-7). Let a = c + -806. What is the units digit of a?
8
Suppose -173 = -27*z + 26*z. Suppose -z = -2*d - 63. Suppose -5*p + 25 = 0, 2*k + 4*p = 7*k - d. What is the units digit of k?
5
Let n = 34 + -13. Let r(j) = -26*j**3 + 20*j - 1 - n*j - 25*j**3. What is the units digit of r(-1)?
1
Let h(b) = -2699 + 116*b + 5751 - 2828. What is the units digit of h(8)?
2
Suppose 5*a = 4*c + 4404, -26*c = -25*c + 6. What is the hundreds digit of a?
8
Let a(i) = 8*i + 187. Let c = 257 + -276. What is the tens digit of a(c)?
3
Let u(n) = -2*n**3 + 4*n**2 - 10*n - 6. Let d be u(3). What is the tens digit of (d - -59)/((-16)/(-14) + -1)?
3
Let b(a) be the first derivative of 6 - 111/2*a**2 + 3*a. What is the tens digit of b(-1)?
1
What is the hundreds digit of -4 - (-17142 + -15) - 12?
1
Let j(u) = -u**3 - 7*u**2 + 14*u + 11. Let h be 4 + (-2)/(-2*(-1)/48). Let n = h + 35. What is the units digit of j(n)?
7
What is the hundreds digit of (2 - 88425)/((-20)/4) + (-288)/(-720)?
6
Let s = 6 + -4. Suppose -s*t - 4*t = 1776. What is the units digit of (t/(-6))/((-10)/(-15))?
4
Let s(h) = 6*h**2 - 5*h + 2. Let k be s(2). Suppose -11*r - k = -15*r. Suppose 5*z - 589 = r*c - 2*c, c = -4*z + 479. What is the tens digit of z?
1
Let w be -1 + 3/(-3) - -21. Suppose w*a = 15*a + 232. What is the tens digit of ((-1)/2)/((-1)/a)?
2
Suppose -5*p = -0*p + 340. Let u(l) = l**3 + 8*l**2 - 143*l - 27. Let v be u(-17). Let s = p - v. What is the tens digit of s?
2
What is the thousands digit of (3 - (-72)/(-20))*10/(-12)*97884?
8
Suppose -i + 5 + 27 = -k, 0 = k. Suppose 0 = -3*s + 5*s + 5*f - 36, 0 = 5*s - 2*f - i. Suppose -s*v + 360 = -2*v. What is the units digit of v?
0
Let g = 39448 + -29043. What is the ten thousands digit of g?
1
Let z = 167 + -79. Let m = 257 - z. What is the hundreds digit of m?
1
Let t(x) = x**3 + 2*x**2 - 4*x - 5. Let d be t(-3). Let i(s) be the third derivative of -7*s**4/6 + s**3/2 - 16*s**2. What is the units digit of i(d)?
9
Suppose 17*r - 19*r = -92. Let a = r + -18. Suppose 0 = -2*t + a - 2. What is the tens digit of t?
1
Let a = -360 - -3428. What is the tens digit of a?
6
Suppose -5*p = 2*b - 89161, 5*p - 101713 = -4*b + 76594. What is the ten thousands digit of b?
4
Suppose -190 = -11*i + 10*i. Suppose i*q + 1880 = 194*q. What is the tens digit of q?
7
Let t(r) = 329*r - 1150. What is the hundreds digit of t(20)?
4
Let w(s) = -2*s**3 - 38*s**2 + 55*s + 94. What is the ten thousands digit of w(-27)?
1
Suppose -4*c + 43186 = -2*v, 24*c - v - 32389 = 21*c. What is the thousands digit of c?
0
Let q(l) = l**2 + 8*l - 4. Let m(p) = p**2 - 3*p + 6. Let h be m(3). Let s be 11*(1 - 4*3/h). What is the units digit of q(s)?
9
Let k(v) = v**3 + 7*v**2 - 16*v + 20. Let p be k(-9). Suppose 5*z = 2*r - 0*z - 31, 5*r - 4*z = 103. Suppose 0 = -p*y + 115 + r. What is the units digit of y?
9
Let j(h) = h**3 + 40*h**2 + 92*h - 87. What is the thousands digit of j(-27)?
6
Let y = 69180 + -33802. What is the thousands digit of y?
5
Let j(o) = 4*o - o - 35*o**2 - 3 + 37*o**2. Let d be j(-3). Suppose d*x = x + 300. What is the units digit of x?
0
Suppose 17091*w = 17069*w + 1288056. What is the tens digit of w?
4
Suppose 86 = 2*z - 108. Suppose w = -3*s + 26, 12*s + 2*w = 11*s + 2. Suppose -s*m + z = -143. What is the units digit of m?
4
Let h(j) = j + 4. Let r be h(-4). Let k(g) = 2*g - 26 - 41 + 99. What is the tens digit of k(r)?
3
Let r = -27894 - -43369. Suppose -35*v + 59960 = r. What is the units digit of v?
1
Let l = -297 - -36. Let w = l + 751. What is the hundreds digit of w?
4
Let u(v) = v**2 + 12*v + 12. Let l be u(-11). Let g be 240/84 - l/(-7). Suppose 2*x - s + 5*s - 166 = 0, -g*x + 222 = -3*s. What is the tens digit of x?
7
Suppose -3*h = -4 - 2. Let s(j) = -73*j + 36*j + j**3 + 80 - j**h + 38*j. What is the units digit of s(0)?
0
Let r = -120 - -122. Suppose -3*m = 5*v - r*v - 849, -5*v + m = -1427. What is the tens digit of v?
8
Let y(p) be the third derivative of p**4/24 - 7*p**3/6 + 33*p**2. Let z be y(10). What is the hundreds digit of 241/2 - z/(-6)?
1
What is the ten thousands digit of ((-186)/155)/((-14)/172235)?
1
Let t(d) be the second derivative of -59*d**3/6 + d**2/2 - 2*d. Suppose -404 = z - 403. What is the units digit of t(z)?
0
Let i(t) = 17*t + 7. Let v be i(-2). Let j be (-60)/v - (-14)/(-63). Suppose -5*q + 385 = 3*w, -2*w = -j*q + 6*q - 254. What is the hundreds digit of w?
1
Suppose 0 = 45*q - 91384 - 444116. What is the tens digit of q?
0
Let r be (-80)/(-26) + (-2)/26. Suppose r*l - 1265 = -h, 2*h = 2*l - 4*l + 842. What is the hundreds d